{"id":425,"date":"2021-03-05T08:27:14","date_gmt":"2021-03-05T08:27:14","guid":{"rendered":"http:\/\/saulheim-dorfverein.de\/?page_id=425"},"modified":"2024-12-27T14:14:21","modified_gmt":"2024-12-27T14:14:21","slug":"satzung","status":"publish","type":"page","link":"https:\/\/saulheim-dorfverein.de\/?page_id=425","title":{"rendered":"Satzung"},"content":{"rendered":"\t\t<div data-elementor-type=\"wp-page\" data-elementor-id=\"425\" class=\"elementor elementor-425\">\n\t\t\t\t\t\t<section class=\"elementor-section elementor-top-section elementor-element elementor-element-f98dcc2 elementor-section-boxed elementor-section-height-default elementor-section-height-default\" data-id=\"f98dcc2\" data-element_type=\"section\" data-e-type=\"section\" data-settings=\"{&quot;background_background&quot;:&quot;classic&quot;}\">\n\t\t\t\t\t\t\t<div class=\"elementor-background-overlay\"><\/div>\n\t\t\t\t\t\t\t<div class=\"elementor-container elementor-column-gap-default\">\n\t\t\t\t\t<div class=\"elementor-column elementor-col-100 elementor-top-column elementor-element elementor-element-44bf045\" data-id=\"44bf045\" data-element_type=\"column\" data-e-type=\"column\">\n\t\t\t<div class=\"elementor-widget-wrap elementor-element-populated\">\n\t\t\t\t\t\t<div class=\"elementor-element elementor-element-f2a383f elementor-widget elementor-widget-heading\" data-id=\"f2a383f\" data-element_type=\"widget\" data-e-type=\"widget\" data-widget_type=\"heading.default\">\n\t\t\t\t<div class=\"elementor-widget-container\">\n\t\t\t\t\t<h1 class=\"elementor-heading-title elementor-size-default\">Vereinssatzung<\/h1>\t\t\t\t<\/div>\n\t\t\t\t<\/div>\n\t\t\t\t\t<\/div>\n\t\t<\/div>\n\t\t\t\t\t<\/div>\n\t\t<\/section>\n\t\t\t\t<section class=\"elementor-section elementor-top-section elementor-element elementor-element-2a9ecae elementor-section-boxed elementor-section-height-default elementor-section-height-default\" data-id=\"2a9ecae\" data-element_type=\"section\" data-e-type=\"section\">\n\t\t\t\t\t\t<div class=\"elementor-container elementor-column-gap-default\">\n\t\t\t\t\t<div class=\"elementor-column elementor-col-100 elementor-top-column elementor-element elementor-element-7cbb2b5\" data-id=\"7cbb2b5\" data-element_type=\"column\" data-e-type=\"column\">\n\t\t\t<div class=\"elementor-widget-wrap elementor-element-populated\">\n\t\t\t\t\t\t<div class=\"elementor-element elementor-element-95e4b58 elementor-widget elementor-widget-text-editor\" data-id=\"95e4b58\" data-element_type=\"widget\" data-e-type=\"widget\" data-widget_type=\"text-editor.default\">\n\t\t\t\t<div class=\"elementor-widget-container\">\n\t\t\t\t\t\t\t\t\t<p><span style=\"font-style: inherit; font-weight: inherit;\">\u00a7 1 &#8211; Name, Emblem, Sitz, Gemeinn\u00fctzigkeit, Zweck, Gesch\u00e4ftsjahr, Organe des Vereins&nbsp;<\/span><\/p>\n<p>1. Der Verein f\u00fchrt den Namen \u201eDorfverein Saulheim e.V.\u201c (nachfolgend dvs genannt)&nbsp;<\/p>\n<p>2. Vereinsemblem ist, vorbehaltlich beh\u00f6rdlicher Genehmigung, ein kr\u00e4hender Hahn in Verbindung mit dem Saulheimer Wappenschild.&nbsp;<\/p>\n<p>3. Sitz des Vereins ist Saulheim in Rheinhessen.&nbsp;<\/p>\n<p>4. Der Verein ist in das Vereinsregister beim Amtsgericht Bingen einzutragen.&nbsp;<\/p>\n<p>5. Der Verein ist parteipolitisch, konfessionell und weltanschaulich ungebunden. Er verfolgt ausschlie\u00dflich und unmittelbar gemeinn\u00fctzige Zwecke im Sinne des 3. Abschnittes \u201esteuerbeg\u00fcnstigte Zwecke\u201c der g\u00fcltigen Abgabenordnung.&nbsp;<\/p>\n<p>6. Die Aufgaben und Ziele des Vereins &#8211; zugleich Gesch\u00e4ftsbereich des Vorstandes &#8211; sind:&nbsp;<\/p>\n<p>6.1 Umwelt- und Landschaftsschutz&nbsp;<\/p>\n<p>6.2 Kultur- und Denkmalschutz, Dorfversch\u00f6nerung, Erhaltung des schutzw\u00fcrdigen Saulheimer Dorfbildes und aller Au\u00dfenbereiche. Harmonische Verbindung der Neubaugebiete und des neuen Ortspunktes mit den zwei alten Dorfkernen.&nbsp;<\/p>\n<p>6.3 F\u00f6rderung und Pflege des Heimatgedankens, der Kunst, Kultur, des Brauchtums, der Heimatforschung usw.&nbsp;<\/p>\n<p>6.4 Zielgerichtete \u00d6ffentlichkeitsarbeit, zweckdienliche Einflussnahme auf bestehende und geplante Vorhaben der Gemeinde, Verbandsgemeinde, des Kreises, Landes und Bundes, soweit die Belange Saulheims und seiner Umgebung betroffen sind. Es wird die Zusammenarbeit mit den politisch Verantwortlichen, Beh\u00f6rden, Verb\u00e4nden u.a. angestrebt.&nbsp;<\/p>\n<p>6.5 Die Zusammenarbeit mit anderen in- und ausl\u00e4ndischen Organisationen, Verb\u00e4nden, Forschungsgruppen, soweit es die ehrenamtliche T\u00e4tigkeit der Mitglieder zul\u00e4sst.&nbsp;<\/p>\n<p>7. Der Verein ist selbstlos t\u00e4tig, er verfolgt nicht in erster Linie eigenwirtschaftliche Zwecke. Mittel des Vereins d\u00fcrfen nur f\u00fcr die satzungsgem\u00e4\u00dfen Zwecke verwendet werden. Die Mitglieder erhalten keine finanziellen Zuwendungen aus Mitteln des Vereins. Weiterhin darf der Verein keine Person oder Institution durch Ausgaben, die dem Vereinszweck fremd sind, oder durch unverh\u00e4ltnism\u00e4\u00dfig hohe Verg\u00fctungen beg\u00fcnstigen.&nbsp;<\/p>\n<p>8. Alle Inhaber von Vereins\u00e4mtern sind ehrenamtlich t\u00e4tig und erhalten keine Gewinnanteile.<\/p>\n<p>9. Macht es der Umfang der Vereinsgesch\u00e4fte erforderlich, so k\u00f6nnen mit Zustimmung der Mitgliederversammlung hauptamtliche Kr\u00e4fte besch\u00e4ftigt werden.&nbsp;<\/p>\n<p>10. Das Gesch\u00e4ftsjahr des Vereins ist das Kalenderjahr.&nbsp;<\/p>\n<p>11. Organe des Vereins sind:&nbsp;<\/p>\n<p>11.1 Die Mitgliederversammlung&nbsp;<\/p>\n<p>11.2 Der Vorstand&nbsp;<\/p>\n<p>1<span style=\"font-style: inherit; font-weight: inherit;\">2. Bei Aufl\u00f6sung oder Aufhebung des Vereins oder Wegfall seines satzungsm\u00e4\u00dfigen Zwekkes f\u00e4llt das Vereinsverm\u00f6gen an die Ortsgemeinde Saulheim&nbsp;<\/span><\/p>\n<p><span style=\"font-style: inherit; font-weight: inherit;\">\u00a7 2 &#8211; Mitgliedschaft&nbsp;<\/span><\/p>\n<p><span style=\"font-style: inherit; font-weight: inherit;\">1. Ordentliches Mitglied des Vereins kann jede nat\u00fcrliche Person werden.&nbsp;<\/span><\/p>\n<p><span style=\"font-style: inherit; font-weight: inherit;\">2. Bei Minderj\u00e4hrigen ist die schriftliche Zustimmung der\/des gesetzlichen Vertreter\/s erforderlich.&nbsp;<\/span><\/p>\n<p><span style=\"font-style: inherit; font-weight: inherit;\">3. Die Mitgliedschaft ist formlos beim Vorstand des Vereins zu beantragen. Der Vorstand beschlie\u00dft \u00fcber die Aufnahme. Ein Aufnahmeanspruch besteht nicht.&nbsp;<\/span><\/p>\n<p><span style=\"font-style: inherit; font-weight: inherit;\">4. Die Mitgliedschaft erlischt:&nbsp;<\/span><\/p>\n<p><span style=\"font-style: inherit; font-weight: inherit;\">4.1 durch Tod des Mitgliedes&nbsp;<\/span><\/p>\n<p><span style=\"font-style: inherit; font-weight: inherit;\">4.2 durch freiwilligen Austritt, der zum Ende des Kalenderjahres erfolgen kann und 3 Monate vorher dem Vorstand schriftlich angezeigt werden muss.&nbsp;<\/span><\/p>\n<p><span style=\"font-style: inherit; font-weight: inherit;\">4.3 durch Ausschluss des Mitgliedes durch den Vorstand im Falle grober Verletzung der Vereinsinteressen. Dem\/r Betroffenen ist zuvor Gelegenheit zur \u00c4u\u00dferung zu geben. Wird seitens des\/r Auszuschlie\u00dfenden gegen den Vorstandsbeschluss schriftlich Widerspruch eingelegt, so entscheidet die n\u00e4chstfolgende Mitgliederversammlung hier\u00fcber anschlie\u00dfend. Alle diesbez\u00fcglichen Beschl\u00fcsse sind dem\/r Betroffenen unter Angabe von Gr\u00fcnden schriftlich mitzuteilen.&nbsp;<\/span><\/p>\n<p><span style=\"font-style: inherit; font-weight: inherit;\">5. Ausgeschiedenen Mitgliedern stehen keine Anspr\u00fcche gegen den Verein zu, soweit es sich nicht um Schuldforderungen handelt. 6. Der Vorstand kann der Mitgliederversammlung Ehrenmitglieder zur Wahl vorschlagen. Ehrenmitglieder haben dieselben Rechte wie andere Mitglieder, sind jedoch beitragsfrei.&nbsp;<\/span><\/p>\n<p><span style=\"font-style: inherit; font-weight: inherit;\">\u00a7 3 &#8211; Mitgliederversammlung&nbsp;<\/span><\/p>\n<p><span style=\"font-style: inherit; font-weight: inherit;\">1. Die Mitgliederversammlung ist das verfassungsgebende Organ des Vereins. Sie ist als ordentliche Mitgliederversammlung (Jahresmitgliederversammlung) vom Vorstand j\u00e4hrlich einzuberufen. Die Einladungen m\u00fcssen sp\u00e4testens vier Wochen vorher unter Mitteilung der Tagesordnungen durch den Vorstand ergehen. Die Einladung hat durch die Ver\u00f6ffentlichung im amtlichen Bekanntmachungsblatt W\u00f6rrstadt zu erfolgen.&nbsp;<\/span><\/p>\n<p><span style=\"font-style: inherit; font-weight: inherit;\">2. Der Vorstand kann au\u00dferordentliche Mitgliederversammlungen einberufen, wenn ihm dies im Vereinsinteresse notwendig erscheint. Er ist dazu verpflichtet, wenn es ein Viertel der Mitglieder schriftlich unter Angabe des Zweckes und Grundes beantragen. Eine ordnungsgem\u00e4\u00df beantragte, au\u00dferordentliche Mitgliederversammlung muss sp\u00e4testens vier Wochen nach Zugang des Ersuchens an den Vorstand einberufen werden. Die Tagesordnung ist, mit einer Ladungsfrist von zwei Wochen, wie unter Punkt 3.1, den Mitgliedern mitzuteilen. Tagesordnungspunkte einer au\u00dferordentlichen Mitgliederversammlung k\u00f6nnen nur solche sein, die zur Einberufung gef\u00fchrt haben. Im \u00dcbrigen gelten f\u00fcr die au\u00dferordentliche Mitgliederversammlung die nachstehenden Bestimmungen \u00fcber die ordentliche Mitgliederversammlung entsprechend.&nbsp;<\/span><\/p>\n<p><span style=\"font-style: inherit; font-weight: inherit;\">3. Regelm\u00e4\u00dfige Gegenst\u00e4nde der Tagesordnung in der ordentlichen Mitgliederversammlung sind:&nbsp;<\/span><\/p>\n<p><span style=\"font-style: inherit; font-weight: inherit;\">3.1 T\u00e4tigkeitsbericht des Vorstandes&nbsp;<\/span><\/p>\n<p><span style=\"font-style: inherit; font-weight: inherit;\">3.2 Bericht der Kassenpr\u00fcferInnen&nbsp;<\/span><\/p>\n<p><span style=\"font-style: inherit; font-weight: inherit;\">3.3 Entlastung des Vorstandes&nbsp;<\/span><\/p>\n<p><span style=\"font-style: inherit; font-weight: inherit;\">3.4 Vorstandswahlen (soweit erforderlich)&nbsp;<\/span><\/p>\n<p><span style=\"font-style: inherit; font-weight: inherit;\">3.5 Wahl von zwei Kassenpr\u00fcfern\/innen&nbsp;<\/span><\/p>\n<p><span style=\"font-style: inherit; font-weight: inherit;\">3.6 Antr\u00e4ge des Vorstandes und der Mitglieder&nbsp;<\/span><\/p>\n<p><span style=\"font-style: inherit; font-weight: inherit;\">3.7 Festsetzung der Mitgliedsbeitr\u00e4ge&nbsp;<\/span><\/p>\n<p><span style=\"font-style: inherit; font-weight: inherit;\">3.8 Festlegung der Ausgabenobergrenzen des Vorstandes im Innenverh\u00e4ltnis.&nbsp;<\/span><\/p>\n<p><span style=\"font-style: inherit; font-weight: inherit;\">4. Der Vorstand steht im zweij\u00e4hrigen Wechsel auf der Mitgliederversammlung zur Wahl. Eine Wiederwahl ist m\u00f6glich. Bis zur Neu- bzw. Wiederwahl bleibt der Vorstand im Amt.&nbsp;<\/span><\/p>\n<p><span style=\"font-style: inherit; font-weight: inherit;\">5. Antr\u00e4ge zur Tagesordnung von Vereinsmitgliedern sind bis sp\u00e4testens zwei Wochen vor der Mitgliederversammlung schriftlich mit Begr\u00fcndung dem Vorstand zuzuleiten. Rechtzeitig eingereichte Antr\u00e4ge m\u00fcssen auf der Mitgliederversammlung behandelt werden. \u00dcber die Zulassung versp\u00e4tet eingegangener Antr\u00e4ge entscheidet die Mitgliederversammlung.&nbsp;<\/span><\/p>\n<p><span style=\"font-style: inherit; font-weight: inherit;\">6. Die Mitgliederversammlung ist ohne R\u00fccksicht auf die Zahl der erschienenen Mitglieder beschlussf\u00e4hig.&nbsp;<\/span><\/p>\n<p><span style=\"font-style: inherit; font-weight: inherit;\">7. Stimmberechtigt in der Mitgliederversammlung sind alle vollj\u00e4hrigen Mitglieder sowie Ehrenmitglieder.&nbsp;<\/span><\/p>\n<p><span style=\"font-style: inherit; font-weight: inherit;\">8. \u00dcber die Verhandlungen und Beschl\u00fcsse des Vorstandes und der Mitgliederversammlung ist ein Protokoll zu f\u00fchren, das von zwei Vorstandsmitgliedern zu unterzeichnen ist.&nbsp;<\/span><\/p>\n<p><span style=\"font-style: inherit; font-weight: inherit;\">9. Bei Abstimmungen entscheidet die einfache Mehrheit der abgegebenen Stimmen. Stimmengleichheit gilt als Ablehnung. Stimmenthaltungen werden bei der Gesamtzahl der abgegebenen Stimmen mitgez\u00e4hlt.&nbsp;<\/span><\/p>\n<p><span style=\"font-style: inherit; font-weight: inherit;\">10. Bei Abstimmung \u00fcber Satzungs\u00e4nderungen ist eine Stimmenmehrheit von zwei Drittel der anwesenden stimmberechtigten Mitgliedern erforderlich.&nbsp;<\/span><\/p>\n<p><span style=\"font-style: inherit; font-weight: inherit;\">11. G\u00fcltige Beschl\u00fcsse, ausgenommen solchen auf Antrag auf Einberufung einer au\u00dferordentlichen Mitgliederversammlung, k\u00f6nnen nur zu Tagesordnung gefasst werden.&nbsp;<\/span><\/p>\n<p><span style=\"font-style: inherit; font-weight: inherit;\">12. Die Mitglieder des Vorstandes werden in der Mitgliederversammlung mit einfacher Mehrheit der anwesenden stimmberechtigten Mitglieder offen durch Handzeichen oder auf Wunsch eines der anwesenden stimmberechtigten Mitglieder geheim durch Stimmzettel gew\u00e4hlt. Bei der Wahl gilt als gew\u00e4hlt, wer die einfache Mehrheit der abgegebenen g\u00fcltigen Stimmen erhalten hat. Bei Stimmengleichheit findet eine Stichwahl statt. Gew\u00e4hlt ist dann der-\/diejenige, der\/die die meisten Stimmen erh\u00e4lt. Die Wahlen gelten mit sofortiger Wirkung bis zur Mitgliederversammlung des \u00fcbern\u00e4chsten Jahres. Scheidet ein Vorstandsmitglied vorzeitig aus, so ist bei der n\u00e4chsten Mitgliederversammlung eine Ersatzwahl vorzunehmen.&nbsp;<\/span><\/p>\n<p><span style=\"font-style: inherit; font-weight: inherit;\">13. Zur Deckung der finanziellen Verpflichtungen des Vereins werden Mitgliedsbeitr\u00e4ge erhoben, \u00fcber deren H\u00f6he die Mitgliederversammlung entscheidet. Der Mitgliedbeitrag ist j\u00e4hrlich im voraus jeweils zu Jahresbeginn oder bei Beginn der Mitgliedschaft, errechnet nach dem Eintrittsquartal, unaufgefordert zu entrichten.&nbsp;<\/span><\/p>\n<p><span style=\"font-style: inherit; font-weight: inherit;\">14. Die Mitgliederversammlung ist nicht \u00f6ffentlich, G\u00e4ste k\u00f6nnen durch Versammlungsbeschluss zugelassen werden.&nbsp;<\/span><\/p>\n<p><span style=\"font-style: inherit; font-weight: inherit;\">\u00a7 4 &#8211; Der Vorstand&nbsp;<\/span><\/p>\n<p><span style=\"font-style: inherit; font-weight: inherit;\">1. Der Vorstand besteht aus den nachfolgend genannten, vier gew\u00e4hlten Mitgliedern&nbsp;<\/span><\/p>\n<p><span style=\"font-style: inherit; font-weight: inherit;\">1.1 Dem\/der Vorsitzenden&nbsp;<\/span><\/p>\n<p><span style=\"font-style: inherit; font-weight: inherit;\">1.2 Dem\/der stellvertretenden Vorsitzenden&nbsp;<\/span><\/p>\n<p><span style=\"font-style: inherit; font-weight: inherit;\">1.3 Dem\/der KassenwartIn&nbsp;<\/span><\/p>\n<p><span style=\"font-style: inherit; font-weight: inherit;\">1.4 Dem\/der Schriftf\u00fchrerIn die w\u00e4hrend der Amtsperiode ihre Aufgaben vollverantwortlich wahrnehmen.&nbsp;<\/span><\/p>\n<p><span style=\"font-style: inherit; font-weight: inherit;\">2. Der Vorstand im Sinne des \u00a7 26 BGB besteht aus dem Vorstand gem\u00e4\u00df \u00a7 4.1, wobei der Verein gerichtlich und au\u00dfergerichtlich von je zwei Vorstandsmitgliedern gemeinsam vertreten wird.&nbsp;<\/span><\/p><p><span style=\"font-style: inherit; font-weight: inherit;\">2.1 Der Vorstand setzt jedes Gesch\u00e4ftsjahr ein Organisationsteam ein, das sich nach Absprache mit dem Vorstand um verschiedene Ressorts k\u00fcmmert.<br><br><\/span><span style=\"font-style: inherit; font-weight: inherit;\">2.2 Die unterschiedlichen Ressorts k\u00f6nnen variieren und entscheiden sich nach der j\u00e4hrlichen Veranstaltungsplanung des DvS.<\/span><span style=\"font-style: inherit; font-weight: inherit;\"><\/span><\/p><p><span style=\"font-style: inherit; font-weight: inherit;\">3. Au\u00dfer durch Ablauf der Amtsperiode oder Tod erlischt das Amt eines Vorstandsmitgliedes durch R\u00fccktritt, Abwahl durch die Mitgliederversammlung, Austritt oder Ausschluss aus dem Verein.&nbsp;<\/span><\/p>\n<p><span style=\"font-style: inherit; font-weight: inherit;\">4. Alle Beschl\u00fcsse sind, soweit nicht durch die Mitgliederversammlung vorgegeben, vom Vorstand zu fassen. Dieser ist beschlussf\u00e4hig, wenn drei Vorstandsmitglieder anwesend sind; der Vorstand entscheidet durch Mehrheitsbeschluss. Stimmengleichheit gilt als Ablehnung.<\/span><\/p>\n<p><span style=\"font-style: inherit; font-weight: inherit;\">5. Im Innenverh\u00e4ltnis gilt, dass die Erledigung der laufenden Gesch\u00e4fte durch den Vorstand erfolgt. Zu den Aufgaben des Vorstandes geh\u00f6rt im Innenverh\u00e4ltnis auch: &#8211; Die Durchf\u00fchrung der Beschl\u00fcsse der Mitgliederversammlung und die Behandlung von Anregungen der Arbeitskreise sowie der Mitglieder. &#8211; Die Bewilligung von Ausgaben innerhalb der von der Mitgliederversammlung beschlossenen Obergrenzen. &#8211; Die Verwaltung des Vereinsverm\u00f6gens. Zum Abschluss von Rechtsgesch\u00e4ften innerhalb der von der Mitgliederversammlung bewilligten Ausgabenobergrenzen und Einzelbeschl\u00fcssen ist der\/die Vorsitzende zusammen mit dem\/der KassenwartIn oder im Verhinderungsfalle mit einem der anderen Vorstandsmitglieder erm\u00e4chtigt.&nbsp;<\/span><\/p>\n<p><span style=\"font-style: inherit; font-weight: inherit;\">6. Die Mitglieder sind verpflichtet, den\/die f\u00fcr den Verein Handelnden von allen Verpflichtungen freizustellen, soweit der\/die Handelnde nicht vors\u00e4tzlich oder grob fahrl\u00e4ssig gegen die Interessen des Vereins oder ausdr\u00fcckliche Weisung gehandelt hat.&nbsp;<\/span><\/p>\n<p><span style=\"font-style: inherit; font-weight: inherit;\">\u00a7 5 &#8211; Pr\u00fcfung der Vereinskasse&nbsp;<\/span><\/p>\n<p><span style=\"font-style: inherit; font-weight: inherit;\">1. Die Kasse des Vereins wird in jedem Jahr durch die zwei von der Mitgliederversammlung des Vereins gew\u00e4hlten Kassenpr\u00fcfer\/innen gepr\u00fcft. Die Kassenpr\u00fcferInnen erstatten der Mitgliederversammlung einen Pr\u00fcfungsbericht und beantragen bei ordnungsgem\u00e4\u00dfer F\u00fchrung der Kassengesch\u00e4fte die Entlastung des Vorstandesmitglieds Finanzen.<\/span><\/p>\n<p><span style=\"font-style: inherit; font-weight: inherit;\">\u00a7 6 &#8211; Aufl\u00f6sung der Organisations\u00e4nderung des Vereins&nbsp;<\/span><\/p>\n<p><span style=\"font-style: inherit; font-weight: inherit;\">1. Antr\u00e4ge auf Aufl\u00f6sung des Vereins oder Eingliederung anderer Organisationen in den Verein, die eine Aufgabe der Selbst\u00e4ndigkeit zur Folge h\u00e4tten, m\u00fcssen vier Wochen vor der Mitgliederversammlung schriftlich dem Vorstand zugegangen sein. Ein vom Vorstand in diesem Sinne geplantes Vorhaben ist den Mitgliedern acht Wochen vor der Mitgliederversammlung mitzuteilen.&nbsp;<\/span><\/p>\n<p><span style=\"font-style: inherit; font-weight: inherit;\">2. Die Aufl\u00f6sung des Vereins kann nur mit zwei Dritteln der Stimmen aller stimmberechtigten Vereinsmitglieder beschlossen werden. Das gleiche gilt f\u00fcr die Aufgabe der Selbst\u00e4ndigkeit.&nbsp;<\/span><\/p>\n<p><span style=\"font-style: inherit; font-weight: inherit;\">3. Wird diese Stimmenmehrheit in der Mitgliederversammlung nicht erreicht, so kann der Vorstand binnen acht Wochen eine au\u00dferordentliche Mitgliederversammlung einberufen, die dann ohne weiteres beschlussf\u00e4hig ist und mit Zweidrittel-Stimmenmehrheit der anwesenden stimmberechtigten Mitglieder entscheidet.&nbsp;<\/span><\/p>\n<p><span style=\"font-style: inherit; font-weight: inherit;\">\u00a7 7 &#8211; Inkrafttreten&nbsp;<\/span><\/p>\n<p><span style=\"font-style: inherit; font-weight: inherit;\">1. Diese Satzung wurde von der Mitgliederversammlung des Dorfverein Saulheim e.V. am 28. Februar 1982 in Saulheim beschlossen und tritt sofort in Kraft.&nbsp;<\/span><\/p>\n<p><span style=\"font-style: inherit; font-weight: inherit;\">Satzungs\u00e4nderung<br>\u00a7 4 der Satzung wurde am 10. Mai 1988 durch die Mitgliederversammlung ge\u00e4ndert<br>\u00a7 4.2.1 und 4.2.2 der Satzung wurden am 09.02.2020 durch die Mitgliederversammlung erg\u00e4nzt.<\/span><\/p>\t\t\t\t\t\t\t\t<\/div>\n\t\t\t\t<\/div>\n\t\t\t\t\t<\/div>\n\t\t<\/div>\n\t\t\t\t\t<\/div>\n\t\t<\/section>\n\t\t\t\t<\/div>\n\t\t","protected":false},"excerpt":{"rendered":"<p>Vereinssatzung \u00a7 1 &#8211; Name, Emblem, Sitz, Gemeinn\u00fctzigkeit, Zweck, Gesch\u00e4ftsjahr, Organe des Vereins&nbsp; 1. Der Verein f\u00fchrt den Namen \u201eDorfverein Saulheim e.V.\u201c (nachfolgend dvs genannt)&nbsp; 2. Vereinsemblem ist, vorbehaltlich beh\u00f6rdlicher Genehmigung, ein kr\u00e4hender Hahn in Verbindung mit dem Saulheimer Wappenschild.&nbsp; 3. Sitz des Vereins ist Saulheim in Rheinhessen.&nbsp; 4. Der Verein ist in das Vereinsregister [&hellip;]<\/p>\n","protected":false},"author":1,"featured_media":0,"parent":0,"menu_order":0,"comment_status":"closed","ping_status":"closed","template":"","meta":{"site-sidebar-layout":"no-sidebar","site-content-layout":"page-builder","ast-site-content-layout":"default","site-content-style":"default","site-sidebar-style":"default","ast-global-header-display":"","ast-banner-title-visibility":"","ast-main-header-display":"","ast-hfb-above-header-display":"","ast-hfb-below-header-display":"","ast-hfb-mobile-header-display":"","site-post-title":"disabled","ast-breadcrumbs-content":"","ast-featured-img":"","footer-sml-layout":"","ast-disable-related-posts":"","theme-transparent-header-meta":"enabled","adv-header-id-meta":"","stick-header-meta":"","header-above-stick-meta":"","header-main-stick-meta":"","header-below-stick-meta":"","astra-migrate-meta-layouts":"default","ast-page-background-enabled":"default","ast-page-background-meta":{"desktop":{"background-color":"","background-image":"","background-repeat":"repeat","background-position":"center center","background-size":"auto","background-attachment":"scroll","background-type":"","background-media":"","overlay-type":"","overlay-color":"","overlay-opacity":"","overlay-gradient":""},"tablet":{"background-color":"","background-image":"","background-repeat":"repeat","background-position":"center center","background-size":"auto","background-attachment":"scroll","background-type":"","background-media":"","overlay-type":"","overlay-color":"","overlay-opacity":"","overlay-gradient":""},"mobile":{"background-color":"","background-image":"","background-repeat":"repeat","background-position":"center center","background-size":"auto","background-attachment":"scroll","background-type":"","background-media":"","overlay-type":"","overlay-color":"","overlay-opacity":"","overlay-gradient":""}},"ast-content-background-meta":{"desktop":{"background-color":"var(--ast-global-color-5)","background-image":"","background-repeat":"repeat","background-position":"center center","background-size":"auto","background-attachment":"scroll","background-type":"","background-media":"","overlay-type":"","overlay-color":"","overlay-opacity":"","overlay-gradient":""},"tablet":{"background-color":"var(--ast-global-color-5)","background-image":"","background-repeat":"repeat","background-position":"center center","background-size":"auto","background-attachment":"scroll","background-type":"","background-media":"","overlay-type":"","overlay-color":"","overlay-opacity":"","overlay-gradient":""},"mobile":{"background-color":"var(--ast-global-color-5)","background-image":"","background-repeat":"repeat","background-position":"center center","background-size":"auto","background-attachment":"scroll","background-type":"","background-media":"","overlay-type":"","overlay-color":"","overlay-opacity":"","overlay-gradient":""}},"footnotes":""},"class_list":["post-425","page","type-page","status-publish","hentry"],"_links":{"self":[{"href":"https:\/\/saulheim-dorfverein.de\/index.php?rest_route=\/wp\/v2\/pages\/425","targetHints":{"allow":["GET"]}}],"collection":[{"href":"https:\/\/saulheim-dorfverein.de\/index.php?rest_route=\/wp\/v2\/pages"}],"about":[{"href":"https:\/\/saulheim-dorfverein.de\/index.php?rest_route=\/wp\/v2\/types\/page"}],"author":[{"embeddable":true,"href":"https:\/\/saulheim-dorfverein.de\/index.php?rest_route=\/wp\/v2\/users\/1"}],"replies":[{"embeddable":true,"href":"https:\/\/saulheim-dorfverein.de\/index.php?rest_route=%2Fwp%2Fv2%2Fcomments&post=425"}],"version-history":[{"count":17,"href":"https:\/\/saulheim-dorfverein.de\/index.php?rest_route=\/wp\/v2\/pages\/425\/revisions"}],"predecessor-version":[{"id":1213,"href":"https:\/\/saulheim-dorfverein.de\/index.php?rest_route=\/wp\/v2\/pages\/425\/revisions\/1213"}],"wp:attachment":[{"href":"https:\/\/saulheim-dorfverein.de\/index.php?rest_route=%2Fwp%2Fv2%2Fmedia&parent=425"}],"curies":[{"name":"wp","href":"https:\/\/api.w.org\/{rel}","templated":true}]}}